ctor of k and 33.
11
Suppose 6*y + 43 = 565. Calculate the greatest common factor of 725 and y.
29
Suppose a + 3*c = 212, -a - 5*c + 178 = -30. What is the highest common divisor of 8175 and a?
109
Let v(r) = 2*r**3 - 15*r**2 + 8*r - 7. Let u be v(7). Suppose u = 7*q - 3*q - 832. Calculate the highest common factor of 13 and q.
13
Let x = -235 + 249. Suppose -19*d = -x*d - 1440. What is the greatest common divisor of d and 36?
36
Let k be (148/(-6) - -1)/((-910)/221130). Calculate the greatest common factor of k and 18.
9
Let d = -621 + 625. Let u be 12744/228 - d/(-38). Calculate the greatest common divisor of u and 350.
14
Suppose 0 = -2*x - 3*b + 915, 5*b - 399 = -x + 48. Calculate the highest common divisor of x and 16786.
154
Let w be ((-150)/35)/((-2)/14). Suppose -c - 54 = -j, 8*c = 4*j + 7*c - 234. What is the greatest common divisor of j and w?
30
Suppose -6*a = 403 + 1397. Let j = -278 - a. Calculate the highest common factor of 242 and j.
22
Let y be -4 + (-316 - (5 - 4)). Let n = -313 - y. What is the greatest common divisor of 2 and n?
2
Let t be (-35)/(-2)*47922/(-945)*-9. What is the greatest common divisor of 98 and t?
49
Suppose -5*p + 47219 = -2*m, 3*m + 357 = 381. Calculate the greatest common factor of p and 282.
141
Let l = 358 - 818. Let r = l - -470. What is the highest common divisor of 230 and r?
10
Suppose 0 = 615*n - 644*n + 5075. Calculate the greatest common divisor of n and 98.
7
Let f(b) = 103*b + 1907. Let h be f(-18). Calculate the highest common factor of 7897 and h.
53
Let i = 207 + -203. Let w be (i + 5)*(-40)/(-15). Calculate the greatest common divisor of w and 696.
24
Let j = 1430 - 1415. Let a = 389 + -314. Calculate the greatest common divisor of j and a.
15
Let o(j) = j**3 + 7*j**2 + 6*j + 1. Let d be o(-4). Suppose -k = 4*f - 8, 2*f = 119*k - 115*k - 86. Calculate the highest common factor of d and k.
5
Suppose -k - 2*j = -957, 4*j + 130 = -5*k + 4933. Suppose -226 = i - k. What is the greatest common divisor of 67 and i?
67
Let d = -20 + 21. Let g be -1*(-9 + (0 - -4))*d. Let m be g/(-25) - 1902/(-10). What is the highest common divisor of 76 and m?
38
Let h = 43240 + -27350. What is the highest common divisor of 20 and h?
10
Let o = -24385 + 28227. What is the highest common factor of 2712 and o?
226
Let x(d) be the first derivative of 2*d**3/3 + 6*d**2 + 42*d - 162. Let c be x(-6). What is the highest common divisor of c and 14?
14
Let i be (-489276)/(-18) - -16 - (5 + 1). What is the greatest common divisor of i and 88?
88
Let o = -5371 + 5864. Calculate the highest common factor of o and 232.
29
Suppose 67250 = -16*q + 39*q + 27*q. What is the highest common factor of q and 65?
5
Suppose 2*q = -3*q + 130. Suppose -386 = -2*m + j, 0 = -m + 30*j - 26*j + 179. What is the greatest common factor of q and m?
13
Let g(r) = -15*r. Let k be g(-5). Suppose -q = 3*o + 15, -q + 6*o + 35 = 4*o. Calculate the greatest common divisor of q and k.
15
Let u(r) = 545*r**2 - 235*r - 2038. Let k be u(-8). Calculate the greatest common divisor of 27 and k.
27
Let o(w) = w**3 - 61*w**2 - 124*w + 69. Let d be o(63). Calculate the greatest common factor of d and 507.
39
Let h(k) = -k**2 - 6*k - 33. Let i be h(0). Let q be ((-11)/i)/(3/90). Suppose -8*c = -3*c - 125. What is the greatest common factor of c and q?
5
Let a(n) = 16*n - 78. Let g be a(5). Suppose -g*i - 208 + 236 = 0. Calculate the greatest common divisor of 322 and i.
14
Let s = 1730 + 6039. Calculate the greatest common factor of s and 17.
17
Let v(w) = -w**3 - 11*w**2 - 8*w + 10. Let t = 67 + -78. Let d be v(t). Suppose 92 - d = -3*q. What is the greatest common factor of 2 and q?
2
Let i(m) = m**2 + 8*m - 1. Let s be i(-10). Let r(y) = -5*y - 73. Let h be r(0). Let o = 149 + h. Calculate the greatest common divisor of s and o.
19
Let y = 1180 + -676. Let b = y - 429. Calculate the greatest common divisor of 10 and b.
5
Let g be (-33)/(-11) - -44*(-3 + -2). Let y = g - -892. Calculate the greatest common divisor of 25 and y.
25
Let j be 300*19 + 3 + -6. Suppose -11*z + j = 1572. What is the greatest common divisor of 15 and z?
15
Suppose 4*w + 5 = -7, x + 16 = -5*w. Let y be x*(-132)/(1/1). Suppose -188*c + 792 = -122*c. Calculate the greatest common factor of y and c.
12
Suppose 24*x = 20*x - 49*x + 16165. What is the greatest common divisor of 65 and x?
5
Let b be ((1 - 3) + (-5)/(-3))/((-25)/1125). Calculate the highest common divisor of b and 33.
3
Let v(m) = -m + 1. Let y be v(0). Let n be 1 - (y - 2)*43. Let f = -28 + n. Calculate the highest common factor of 80 and f.
16
Suppose 0 = -391*j + 396*j + 4*w - 228, 2*j - 2*w = 138. Suppose 3*u + 1 = 4*u, -3*u - 2237 = -5*g. Calculate the highest common factor of g and j.
56
Let c = 109 - -3. Let i(w) = w**2 + 8*w + 6. Let d be i(-6). Let z(l) = -8*l - 32. Let f be z(d). Calculate the highest common divisor of c and f.
16
Let w(n) = -3*n**3 - 3*n**2 + 57*n - 7. Let v be w(-5). Calculate the highest common divisor of 242 and v.
2
Suppose -3*m + 2 = -l + 9, 0 = -2*l + m - 1. Let k be (-76)/(-18) - l/(-9). Suppose 0 = k*v + 15 - 47. Calculate the greatest common divisor of 24 and v.
8
Suppose 3*d - 2*t - 84 = 20, 4 = -t. Let n(k) = -21*k - 316. Let q be n(-20). Calculate the greatest common factor of q and d.
8
Suppose 4*v = 2*g + 3*g - 41, 0 = -5*g + 25. Let a(c) = c**3 + 2*c**2 - 16*c - 6. Let y be a(v). What is the greatest common divisor of 221 and y?
13
Suppose 1493 = -12*v + 13*v - 4*b, 0 = 5*v - b - 7579. Calculate the highest common factor of v and 185.
37
Let t(q) = 36*q - 45. Let b be t(7). Let h = -81 + b. What is the greatest common factor of h and 42?
42
Let q = -123 + 158. Suppose -54 = -41*c + q*c. Let g be -6*(-4 - (2 - 5)). Calculate the highest common factor of g and c.
3
Let d(g) = -g**3 + 109*g - 343. Let u be d(7). Calculate the greatest common divisor of 506 and u.
11
Suppose -8*u = -348 - 36. Calculate the highest common factor of 144 and u.
48
Suppose -3*y + 12 = -0. Suppose 336 - 16 = 5*u. Let j = -24 + u. Calculate the highest common divisor of y and j.
4
Let j be (-1*(2 + (-2 - 1)))/((-799)/(-95081)). Calculate the greatest common divisor of j and 3.
1
Let p be 1244430/88 + 5/(-25)*(-10)/(-8). Calculate the greatest common divisor of p and 179.
179
Suppose 75*b = -90*b + 113*b + 13416. What is the greatest common divisor of 162 and b?
6
Let y(i) = 13*i**2 - 16*i + 207. Let t(g) = -8*g**2 + 8*g - 104. Let c(h) = -5*t(h) - 3*y(h). Let v be c(7). Calculate the highest common divisor of v and 76.
4
Let j = -2906 - -3968. What is the highest common factor of 12 and j?
6
Suppose 0 = 2*c + 2*t - 10, c + 7 = -5*t + 10*t. Suppose 0 = -4*o - 2*v - c*v + 551, 2*o + 5*v - 263 = 0. Calculate the highest common divisor of o and 54.
18
Let a = 4181 + -4141. What is the greatest common factor of 160 and a?
40
Suppose -z + 3*o - 4*o + 20 = 0, 2*z - 42 = -3*o. Suppose 2*x + h - 48 = -2*h, 0 = x + 2*h - 23. Calculate the highest common divisor of x and z.
9
Suppose d = -5*d. Let f(x) be the third derivative of x**4/12 + 4*x**3 + 2*x**2. Let l be f(d). Calculate the greatest common factor of l and 32.
8
Suppose -10*f + 56 = -24. Suppose 3*n - a = 75, -10*a = -5*n - f*a + 126. What is the highest common factor of 1032 and n?
24
Let o be 6/(-10)*(-11000)/264. What is the highest common divisor of o and 95?
5
Let k = 2509 - 1773. Calculate the highest common factor of 46 and k.
46
Suppose -4*w = -3 - 117. Let h(d) = -d**3 + 7*d**2 - 3*d + 4. Let l be h(3). Suppose -26*x = -l*x + 100. What is the highest common factor of w and x?
10
Let u be (21/(-12))/((-2)/8). Suppose -5*p + 325 = 2*r, 125 = r + 2*p - u*p. What is the highest common divisor of 225 and r?
75
Suppose 15 = -5*d, 3*c + 3*d - 13 = 152. Suppose -5*b + 17 = -3*w - 40, -2*w = -5*b + c. What is the greatest common divisor of 192 and b?
12
Let s = 1742 + 196. Suppose n = -18*n + s. Calculate the greatest common factor of 272 and n.
34
Let i = 143 - 141. Let g be i/(-9) + -12 + (-959)/(-63). What is the highest common factor of g and 11?
1
Let w(f) = -f**3 - 23*f**2 - 506*f - 79. Let s be w(-22). Calculate the greatest common factor of s and 78.
39
Let l = 11 - 7. Suppose -306 = -13*a - l*a. What is the greatest common divisor of 24 and a?
6